{"id":19148,"date":"2025-05-13T18:12:46","date_gmt":"2025-05-13T21:12:46","guid":{"rendered":"https:\/\/anacouto.com.br\/?post_type=cases&#038;p=19148"},"modified":"2026-04-27T10:16:10","modified_gmt":"2026-04-27T13:16:10","slug":"camponesa","status":"publish","type":"cases","link":"https:\/\/anacouto.com.br\/en\/cases\/camponesa\/","title":{"rendered":"Camponesa"},"content":{"rendered":"<div class=\"remove-bottom-space\" style=\"padding: 56.25% 0 0 0; position: relative;\"><iframe style=\"position: absolute; top: 0; left: 0; width: 100%; height: 100%;\" src=\"https:\/\/player.vimeo.com\/video\/1084050841?background=true&amp;autoplay=1&amp;loop=1&amp;title=0&amp;byline=0&amp;portrait=0&amp;muted=1\" frameborder=\"0\" allowfullscreen=\"allowfullscreen\"><\/iframe><script src=\"http:\/\/player.vimeo.com\/api\/player.js\"><\/script><\/div>\n\n\n\n<div class=\"wp-block-columns bloco_texto_cases is-layout-flex wp-container-core-columns-is-layout-28f84493 wp-block-columns-is-layout-flex\">\n<div class=\"wp-block-column bloco_texto_cases_1 is-layout-flow wp-block-column-is-layout-flow\">\n<h3 class=\"wp-block-heading bloco_texto_cases_h3\"><strong><strong>CAMPANHA<\/strong><\/strong><\/h3>\n<\/div>\n\n\n\n<div class=\"wp-block-column bloco_texto_cases_2 is-layout-flow wp-block-column-is-layout-flow\">\n<p>Para a nova onda de campanha, essa premissa se mant\u00e9m. Camponesa apresenta sua linha de produtos acompanhados do mesmo ingrediente, mas agora com a provoca\u00e7\u00e3o de dar ainda mais sabor: o afeto.&nbsp;&nbsp;&nbsp;<\/p>\n\n\n\n<p>Al\u00e9m de dar aquela energia especial no preparo de uma refei\u00e7\u00e3o, um gesto de carinho pode ser inesquec\u00edvel. \u00c9 assim que momentos \u2013 e receitas \u2013 se tornam tradi\u00e7\u00e3o entre fam\u00edlias, amigos ou qualquer outra rela\u00e7\u00e3o especial. Em cada pe\u00e7a da campanha, trazemos os produtos embalados por um gesto contagiante de gentileza, proporcionando a cria\u00e7\u00e3o de sabores com Camponesa e tamb\u00e9m de uma corrente afetiva.&nbsp;&nbsp;&nbsp;<\/p>\n\n\n\n<p>Aliamos sentimento e sensorial: desde o discurso aspiracional, que faz um convite para novos momentos na companhia de quem se ama, at\u00e9 \u00e0 provoca\u00e7\u00e3o visual de cada receita irresist\u00edvel, revelando a cremosidade e consist\u00eancia dos produtos da marca.&nbsp;&nbsp;<\/p>\n\n\n\n<p>Tudo isso porque entendemos que criar junto e dar sabor aos momentos \u00e9 o que conecta pessoas. E fazer parte dessas conex\u00f5es desde 1948 \u00e9 o que move Camponesa.&nbsp;&nbsp;&nbsp;<\/p>\n<\/div>\n<\/div>\n\n\n\n<div style=\"padding:56.25% 0 0 0;position:relative;\"><iframe src=\"https:\/\/player.vimeo.com\/video\/1084051377?badge=0&amp;autopause=0&amp;player_id=0&amp;app_id=58479\" frameborder=\"0\" allow=\"autoplay; fullscreen; picture-in-picture; clipboard-write; encrypted-media\" style=\"position:absolute;top:0;left:0;width:100%;height:100%;\" title=\"Camponesa_CorrenteDeAfeto_30_PB\"><\/iframe><\/div><script src=\"https:\/\/player.vimeo.com\/api\/player.js\"><\/script>\n\n\n\n<figure class=\"wp-block-image size-full\"><img fetchpriority=\"high\" decoding=\"async\" width=\"2560\" height=\"1934\" src=\"http:\/\/anacouto.com.br\/wp-content\/uploads\/2025\/05\/KALLAS-PB-\u2013-Placa-de-Rua-Dupla-face-080x060_-scaled.png\" alt=\"\" class=\"wp-image-19150\" srcset=\"https:\/\/anacouto.com.br\/wp-content\/uploads\/2025\/05\/KALLAS-PB-\u2013-Placa-de-Rua-Dupla-face-080x060_-scaled.png 2560w, https:\/\/anacouto.com.br\/wp-content\/uploads\/2025\/05\/KALLAS-PB-\u2013-Placa-de-Rua-Dupla-face-080x060_-300x227.png 300w, https:\/\/anacouto.com.br\/wp-content\/uploads\/2025\/05\/KALLAS-PB-\u2013-Placa-de-Rua-Dupla-face-080x060_-1024x773.png 1024w, https:\/\/anacouto.com.br\/wp-content\/uploads\/2025\/05\/KALLAS-PB-\u2013-Placa-de-Rua-Dupla-face-080x060_-768x580.png 768w, https:\/\/anacouto.com.br\/wp-content\/uploads\/2025\/05\/KALLAS-PB-\u2013-Placa-de-Rua-Dupla-face-080x060_-1536x1160.png 1536w, https:\/\/anacouto.com.br\/wp-content\/uploads\/2025\/05\/KALLAS-PB-\u2013-Placa-de-Rua-Dupla-face-080x060_-2048x1547.png 2048w, https:\/\/anacouto.com.br\/wp-content\/uploads\/2025\/05\/KALLAS-PB-\u2013-Placa-de-Rua-Dupla-face-080x060_-16x12.png 16w\" sizes=\"(max-width: 2560px) 100vw, 2560px\" \/><\/figure>\n\n\n\n<div style=\"padding:177.78% 0 0 0;position:relative;\"><iframe src=\"https:\/\/player.vimeo.com\/video\/1084052521?badge=0&amp;autopause=0&amp;player_id=0&amp;app_id=58479\" frameborder=\"0\" allow=\"autoplay; fullscreen; picture-in-picture; clipboard-write; encrypted-media\" style=\"position:absolute;top:0;left:0;width:100%;height:100%;\" title=\"Camponesa_30__LeitePo_Vertical_V01\"><\/iframe><\/div><script src=\"https:\/\/player.vimeo.com\/api\/player.js\"><\/script>\n\n\n\n<p><\/p>","protected":false},"template":"","tags":[49,73],"wp_pattern_category":[276,271,272],"categorias_de_cases":[11,21,22,30],"class_list":["post-19148","cases","type-cases","status-publish","hentry","tag-ana-couto","tag-branding","categorias_de_cases-comunicacao","categorias_de_cases-identidade-visual","categorias_de_cases-marca","categorias_de_cases-universo-visual-e-verbal"],"_links":{"self":[{"href":"https:\/\/anacouto.com.br\/en\/wp-json\/wp\/v2\/cases\/19148","targetHints":{"allow":["GET"]}}],"collection":[{"href":"https:\/\/anacouto.com.br\/en\/wp-json\/wp\/v2\/cases"}],"about":[{"href":"https:\/\/anacouto.com.br\/en\/wp-json\/wp\/v2\/types\/cases"}],"version-history":[{"count":7,"href":"https:\/\/anacouto.com.br\/en\/wp-json\/wp\/v2\/cases\/19148\/revisions"}],"predecessor-version":[{"id":19156,"href":"https:\/\/anacouto.com.br\/en\/wp-json\/wp\/v2\/cases\/19148\/revisions\/19156"}],"wp:attachment":[{"href":"https:\/\/anacouto.com.br\/en\/wp-json\/wp\/v2\/media?parent=19148"}],"wp:term":[{"taxonomy":"post_tag","embeddable":true,"href":"https:\/\/anacouto.com.br\/en\/wp-json\/wp\/v2\/tags?post=19148"},{"taxonomy":"wp_pattern_category","embeddable":true,"href":"https:\/\/anacouto.com.br\/en\/wp-json\/wp\/v2\/wp_pattern_category?post=19148"},{"taxonomy":"categorias_de_cases","embeddable":true,"href":"https:\/\/anacouto.com.br\/en\/wp-json\/wp\/v2\/categorias_de_cases?post=19148"}],"curies":[{"name":"wp","href":"https:\/\/api.w.org\/{rel}","templated":true}]}}

<div class="remove-bottom-space" style="padding: 56.25% 0 0 0; position: relative;"><iframe style="position: absolute; top: 0; left: 0; width: 100%; height: 100%;" src="https://player.vimeo.com/video/1084050841?background=true&amp;autoplay=1&amp;loop=1&amp;title=0&amp;byline=0&amp;portrait=0&amp;muted=1" frameborder="0" allowfullscreen="allowfullscreen"></iframe><script src="http://player.vimeo.com/api/player.js"></script></div>



<div class="wp-block-columns bloco_texto_cases is-layout-flex wp-container-core-columns-is-layout-28f84493 wp-block-columns-is-layout-flex">
<div class="wp-block-column bloco_texto_cases_1 is-layout-flow wp-block-column-is-layout-flow">
<h3 class="wp-block-heading bloco_texto_cases_h3"><strong><strong>CAMPANHA</strong></strong></h3>
</div>



<div class="wp-block-column bloco_texto_cases_2 is-layout-flow wp-block-column-is-layout-flow">
<p>Para a nova onda de campanha, essa premissa se mantém. Camponesa apresenta sua linha de produtos acompanhados do mesmo ingrediente, mas agora com a provocação de dar ainda mais sabor: o afeto.&nbsp;&nbsp;&nbsp;</p>



<p>Além de dar aquela energia especial no preparo de uma refeição, um gesto de carinho pode ser inesquecível. É assim que momentos – e receitas – se tornam tradição entre famílias, amigos ou qualquer outra relação especial. Em cada peça da campanha, trazemos os produtos embalados por um gesto contagiante de gentileza, proporcionando a criação de sabores com Camponesa e também de uma corrente afetiva.&nbsp;&nbsp;&nbsp;</p>



<p>Aliamos sentimento e sensorial: desde o discurso aspiracional, que faz um convite para novos momentos na companhia de quem se ama, até à provocação visual de cada receita irresistível, revelando a cremosidade e consistência dos produtos da marca.&nbsp;&nbsp;</p>



<p>Tudo isso porque entendemos que criar junto e dar sabor aos momentos é o que conecta pessoas. E fazer parte dessas conexões desde 1948 é o que move Camponesa.&nbsp;&nbsp;&nbsp;</p>
</div>
</div>



<div style="padding:56.25% 0 0 0;position:relative;"><iframe src="https://player.vimeo.com/video/1084051377?badge=0&amp;autopause=0&amp;player_id=0&amp;app_id=58479" frameborder="0" allow="autoplay; fullscreen; picture-in-picture; clipboard-write; encrypted-media" style="position:absolute;top:0;left:0;width:100%;height:100%;" title="Camponesa_CorrenteDeAfeto_30_PB"></iframe></div><script src="https://player.vimeo.com/api/player.js"></script>



<figure class="wp-block-image size-full"><img fetchpriority="high" decoding="async" width="2560" height="1934" src="http://anacouto.com.br/wp-content/uploads/2025/05/KALLAS-PB-–-Placa-de-Rua-Dupla-face-080x060_-scaled.png" alt="" class="wp-image-19150" srcset="https://anacouto.com.br/wp-content/uploads/2025/05/KALLAS-PB-–-Placa-de-Rua-Dupla-face-080x060_-scaled.png 2560w, https://anacouto.com.br/wp-content/uploads/2025/05/KALLAS-PB-–-Placa-de-Rua-Dupla-face-080x060_-300x227.png 300w, https://anacouto.com.br/wp-content/uploads/2025/05/KALLAS-PB-–-Placa-de-Rua-Dupla-face-080x060_-1024x773.png 1024w, https://anacouto.com.br/wp-content/uploads/2025/05/KALLAS-PB-–-Placa-de-Rua-Dupla-face-080x060_-768x580.png 768w, https://anacouto.com.br/wp-content/uploads/2025/05/KALLAS-PB-–-Placa-de-Rua-Dupla-face-080x060_-1536x1160.png 1536w, https://anacouto.com.br/wp-content/uploads/2025/05/KALLAS-PB-–-Placa-de-Rua-Dupla-face-080x060_-2048x1547.png 2048w, https://anacouto.com.br/wp-content/uploads/2025/05/KALLAS-PB-–-Placa-de-Rua-Dupla-face-080x060_-16x12.png 16w" sizes="(max-width: 2560px) 100vw, 2560px" /></figure>



<div style="padding:177.78% 0 0 0;position:relative;"><iframe src="https://player.vimeo.com/video/1084052521?badge=0&amp;autopause=0&amp;player_id=0&amp;app_id=58479" frameborder="0" allow="autoplay; fullscreen; picture-in-picture; clipboard-write; encrypted-media" style="position:absolute;top:0;left:0;width:100%;height:100%;" title="Camponesa_30__LeitePo_Vertical_V01"></iframe></div><script src="https://player.vimeo.com/api/player.js"></script>



<p></p>
